c - 96 = 8*c. Let k(q) = -q**2 + q + 12. What is the remainder when c is divided by k(0)?
8
Suppose -14*x = 74*x - x - 111621. What is the remainder when x is divided by 99?
95
Let l be 14 + -1*1 - -1. Let w be 0 + (-1012)/184*(-2)/11. What is the remainder when 36 is divided by (24 - l) + (-2)/w?
4
Let f(h) be the first derivative of -h**4/4 - 5*h**3/3 - 5*h**2 - 19*h + 60. What is the remainder when 39 is divided by f(-4)?
4
Let y = 308 - 126. Let o = -22 + y. Calculate the remainder when o is divided by 3.
1
Suppose -5*n + 1824 + 1868 = 802. Calculate the remainder when n is divided by 50.
28
Let u = 646 + -640. What is the remainder when 99 is divided by u?
3
Suppose -30*r - 8826 = -623 - 61423. What is the remainder when r is divided by 22?
14
Let o = 0 + 40. Let k(b) = -b**2 - 111*b - 1931. Calculate the remainder when k(-87) is divided by o.
37
Let b(c) = 20*c**2 + 2*c + 2. Let i = -51 - -50. What is the remainder when 159 is divided by b(i)?
19
Suppose -298*m = -3264 - 9550. What is the remainder when 1285 is divided by m?
38
Let f(k) = -k + 170 + 0*k + 0*k - 55. What is the remainder when f(-34) is divided by 17?
13
Suppose -5*o - 9*d = -6*d - 4, -5*d = -15. Calculate the remainder when 27 is divided by (4*-4)/o - (-40 - -42).
13
Let w = -30984 - -31016. What is the remainder when 272 is divided by w?
16
Let m = -8729 - -10130. What is the remainder when m is divided by 276?
21
Let s be 6/(-21) + (-37)/(-7). Let w = -27 - -30. Suppose s*k - 100 = 5*l, -5*k - w*l + l = -107. What is the remainder when k is divided by 8?
5
Let b(t) be the third derivative of t**4/3 - 3*t**2. What is the remainder when b(4) is divided by ((-15)/25)/(1 - (-63)/(-60))?
8
Let h = -179 + 258. Let g be (168/(-72))/((-1)/3). Let s = g + 34. What is the remainder when h is divided by s?
38
Let u be ((-12)/9*1)/(4/42). What is the remainder when 375 is divided by (-3)/(-9)*-3 - (-1 + u)?
11
Suppose 170 = 5*t + 3*p - 8*p, -2*p + 2 = 0. Suppose -3*i - 40 = i, -2*z - 800*i + 805*i = -86. What is the remainder when t is divided by z?
17
Suppose 14*q = 19*q + 30. Let l(t) = -t**3 - 6*t**2 - 2*t + 6. Calculate the remainder when l(q) is divided by 8.
2
Calculate the remainder when 13/(12 - (-908)/(-76)) is divided by 56.
23
Let q = -650 - -560. Let a = q + 93. What is the remainder when 207 is divided by a?
0
Suppose -7*w + 114401 = 742. What is the remainder when w is divided by 203?
200
Suppose 0 = -2*y + 4*m + 855 + 1381, 3*m = 2*y - 2235. Calculate the remainder when y is divided by 10.
6
Suppose 0 = 3*o + 11*s - 621, 230 = -0*o + o - 4*s. What is the remainder when o is divided by 203?
15
Let y = 0 + -4. Let m be y*1 + (-6)/(-3). Let o = 19 + m. What is the remainder when 31 is divided by o?
14
Suppose 61*z = -158*z - 8648 + 22664. Calculate the remainder when 419 is divided by z.
35
Suppose 2*g + 396 = -4*g. Let s = 78 + g. Calculate the remainder when (-783)/(-12) + (-15)/s is divided by 11.
9
Suppose 0 = -5*y + 366 - 351. Suppose 5*x - 622 = -3*v, -y*v + 0*x = 2*x - 625. What is the remainder when v is divided by 42?
41
Suppose -351 = 5*u + 194. Let w = 172 + u. Calculate the remainder when w is divided by (-2 - 14)*(2 + -3).
15
Let j(g) = g**2 - g - 1. Let h(s) = -15*s**2 + 6*s + 29. Let x(n) = -h(n) - 6*j(n). What is the remainder when x(4) is divided by 26?
17
Let d = -36 + 41. Suppose -d*f - 144 = -17*f. Calculate the remainder when 39 is divided by -14 + f - -23*1.
18
Suppose 0 = -5*t - 2*l + 8917, -t + 1571 = -2*l - 210. What is the remainder when t is divided by 47?
44
Suppose 5*a - j - 84 = 406, -5*a + 515 = 4*j. Let u be 6*(-4)/(48/(-94)). Let k = a - u. Calculate the remainder when k is divided by 14.
10
Suppose -c - j + 184 = j, 3*j = 4*c - 725. Let p = c + -163. What is the remainder when 34 is divided by p?
15
Calculate the remainder when 197 is divided by (0 - (3 - 1))/((11 - 6)/(-85)).
27
Suppose 15*f - 31450 = 9*f - 31*f. Calculate the remainder when f is divided by 262.
64
Let l = 423 + -639. Let b = l + 231. Calculate the remainder when 374 is divided by b.
14
What is the remainder when 1564 is divided by 24 + -26 - (3/(-3)*-2 + -13)?
7
Let q(s) be the first derivative of 17*s**3/3 + s**2/2 + s + 43. Let p be q(3). Let x = 254 - p. What is the remainder when x is divided by 33?
31
Suppose -d = -2*d + 47. Let s(f) = -f**3 + 135*f**2 + 221*f + 7354. What is the remainder when s(137) is divided by d?
46
Let k = 5889 + -5662. What is the remainder when 1355 is divided by k?
220
Calculate the remainder when 2095 is divided by (-6)/(-27) - (561/(-27) - 9).
25
Suppose l + 5*t = 1166 - 440, -2*l + 2*t = -1452. Calculate the remainder when l is divided by 718.
8
What is the remainder when (-5887000)/(-750) + 5/3 is divided by 33?
30
Let f(a) = 4*a + 3. Let k be f(1). Suppose -k*p + 4*p = -72. Let w = -19 + p. What is the remainder when w is divided by 3?
2
What is the remainder when (-315)/63 - (-28068)/2 is divided by 35?
29
Let l = -12159 + 13607. Calculate the remainder when l is divided by 90.
8
Suppose 13*n - 18*n + 1054 = 3*l, 0 = 4*n + 2*l - 844. What is the remainder when n is divided by 70?
2
Let p = -10511 - -10528. What is the remainder when ((-2031)/9)/((-2)/6) is divided by p?
14
Let q(t) = -8*t + 2. Suppose -3 = x + 1. What is the remainder when q(x) is divided by (-6)/(-12)*2 - (-11 + 2)?
4
Let w(y) = 4*y**2 + 5*y - 9. Suppose 10*s - 5*h - 565 = 0, 30*h - 114 = -2*s + 32*h. Calculate the remainder when w(6) is divided by s.
53
Suppose -4*r + r = 60. Suppose 908 = 55*a - 4427. Calculate the remainder when a is divided by (-405)/r - 1/4.
17
Let b(w) = -3302*w - 3162. Calculate the remainder when b(-1) is divided by 19.
7
Suppose -5*q - 16*q + 819 = 0. Let m(t) = t + 123. What is the remainder when m(q) is divided by 57?
48
Suppose k + 2*k + 84 = 3*a, 4*k - 12 = 0. Suppose -a + 1 = -q. Suppose -i - i + q = 0. Calculate the remainder when i is divided by 8.
7
Let y = 464 + -470. What is the remainder when 298 is divided by ((-3)/y)/((-10)/(-860))?
40
Let q be ((-436)/(-7))/(36/126). Suppose 5*w = 5*i - 555, -262 - q = -4*i - 5*w. Calculate the remainder when i is divided by 62.
53
Suppose -3*t + 9146 = 4*a, 23*t = 4*a + 29*t - 9140. Calculate the remainder when a is divided by 51.
44
Let z be ((-64)/(-30) - (-64)/(-80))*3. Suppose z*k - 138 = 622. What is the remainder when k is divided by 39?
34
Suppose 5*w + 3*w - 384 = -0*w. Calculate the remainder when 58 is divided by w.
10
Suppose 0 = -4*v + o + 1873, -783 = -2*v + 2*o + 161. What is the remainder when v is divided by 43?
37
Let m(t) = 28*t + 139. Let z be m(-3). Let c(j) = -6*j + 3. Let h be c(7). Let l = z + h. What is the remainder when 95 is divided by l?
15
Let n(g) = -g**3 + 21*g**2 - 26*g - 11. Let b be n(19). Let q = -174 + b. What is the remainder when 72 is divided by q?
29
Suppose 4*l = 2*s + 53 + 49, -8 = -l + 4*s. Suppose 0 = -3*i - 30 + 111. Suppose -31*x + i*x + 64 = 0. What is the remainder when l is divided by x?
12
Suppose 215 = 3*q - 4*j + 74, 4*j - 189 = -3*q. What is the remainder when 699 is divided by q?
39
Suppose 0 = 14*f - 11*f + 2*g - 6, g = f - 12. Suppose 0 = 2*p - 0*p - 88. Let v = -17 + p. What is the remainder when v is divided by f?
3
Suppose -3*n = 5*h, -4*h = h - 4*n. Let k be 5 + (0 - h)*(-1 - 0). Suppose k*j - 8*j = -24. Calculate the remainder when j is divided by 6.
2
Let w = 3496 - 3133. What is the remainder when w is divided by 8?
3
Calculate the remainder when 1485 + ((-25)/3 - 140/(-105)) is divided by 26.
22
Let m be (322/(-115))/((-1)/(-235)). Let s = 31 - m. Calculate the remainder when s is divided by 69.
68
Let l(f) = f**2 + 12*f - 1643. What is the remainder when l(-57) is divided by 84?
82
Suppose 3*i = -m + 37178, -25*i + 28*i - 37190 = 2*m. Calculate the remainder when i is divided by 161.
158
Let p(j) = j + 126. Let u be p(0). Suppose -u - 250 = -4*s. Let o(k) = k**3 - 10*k**2 + 115*k - 1118. What is the remainder when s is divided by o(10)?
30
Suppose 661*j = 667*j - 966. What is the remainder when j is divided by 32?
1
Let p = -27 - -49. Calculate the remainder when ((-19 - -22) + -2)/((-3)/(-1308)*1) is divided by p.
18
Let c(x) = 29*x + 367. Let g be c(0). Suppose -119 = 2*k - 595. Suppose -r - g = -4*v, 5*r - k = -3*v + 2